{"id":1025,"date":"2023-07-31T14:59:22","date_gmt":"2023-07-31T14:59:22","guid":{"rendered":"https:\/\/nuestraldea.com\/nueva\/?page_id=1025"},"modified":"2023-08-03T13:55:13","modified_gmt":"2023-08-03T13:55:13","slug":"inicio","status":"publish","type":"page","link":"https:\/\/nuestraldea.com\/nueva\/","title":{"rendered":"Inicio"},"content":{"rendered":"<p>Habilitamos un espacio de di\u00e1logo compartido en el que proponemos una mirada a partir de una pedagog\u00eda de la implicaci\u00f3n, del sentido, de la pregunta, de la generosidad y del humor y donde est\u00e1 habilitada la pregunta y el disenso.<\/p>\n<p>Sostenemos que el conocimiento es una construcci\u00f3n social y cooperativa que requiere la implicaci\u00f3n de cada uno e implica un alto nivel de compromiso afectivo, \u00e9tico y profesional.<\/p>\n<p>A trav\u00e9s de la pedagog\u00eda de la implicaci\u00f3n podemos fortalecer y desarrollar los aspectos emocionales en ni\u00f1os, j\u00f3venes y adultos, abriendo un camino que les permita gestionar mejor sus emociones.<\/p>\n<p>Ofrecemos este punto de encuentro para el intercambio desde la Pedagog\u00eda de la implicaci\u00f3n, entendida como una forma de elaboraci\u00f3n de los v\u00ednculos para co-construir el conocimiento.<\/p>\n<p><b>La Implicaci\u00f3n conlleva el imperativo de:<\/b><\/p>\n<ul>\n<li>involucrarse en cada proceso,<\/li>\n<li>hacerse cargo de las decisiones,<\/li>\n<li>asumir riesgos para producir cambios,<\/li>\n<li>intervenir en los momentos cr\u00edticos,<\/li>\n<li>asumir responsabilidades,<\/li>\n<li>manifestar disposici\u00f3n a las demandas del otro, consideraci\u00f3n hacia los dem\u00e1s,<\/li>\n<li>&nbsp;ser generoso y estar dispuesto a compartir sin mezquindades, nuestros saberes y experiencias.\n<\/li>\n<\/ul>\n<style>\/*! elementor - v3.15.0 - 31-07-2023 *\/\n.elementor-heading-title{padding:0;margin:0;line-height:1}.elementor-widget-heading .elementor-heading-title[class*=elementor-size-]>a{color:inherit;font-size:inherit;line-height:inherit}.elementor-widget-heading .elementor-heading-title.elementor-size-small{font-size:15px}.elementor-widget-heading .elementor-heading-title.elementor-size-medium{font-size:19px}.elementor-widget-heading .elementor-heading-title.elementor-size-large{font-size:29px}.elementor-widget-heading .elementor-heading-title.elementor-size-xl{font-size:39px}.elementor-widget-heading .elementor-heading-title.elementor-size-xxl{font-size:59px}<\/style>\n<h2>Educar es conmover de un modo amoroso y generoso en un \u00e1mbito de aprendizaje dial\u00f3gico.<\/h2>\n","protected":false},"excerpt":{"rendered":"<p>Habilitamos un espacio de di\u00e1logo compartido en el que proponemos una mirada a partir de una pedagog\u00eda de la implicaci\u00f3n, del sentido, de la pregunta, de la generosidad y del humor y donde est\u00e1 habilitada la pregunta y el disenso. Sostenemos que el conocimiento es una construcci\u00f3n social y cooperativa que requiere la implicaci\u00f3n de [&hellip;]<\/p>\n","protected":false},"author":2,"featured_media":0,"parent":0,"menu_order":0,"comment_status":"closed","ping_status":"closed","template":"","meta":{"footnotes":""},"class_list":["post-1025","page","type-page","status-publish","hentry"],"_links":{"self":[{"href":"https:\/\/nuestraldea.com\/nueva\/wp-json\/wp\/v2\/pages\/1025","targetHints":{"allow":["GET"]}}],"collection":[{"href":"https:\/\/nuestraldea.com\/nueva\/wp-json\/wp\/v2\/pages"}],"about":[{"href":"https:\/\/nuestraldea.com\/nueva\/wp-json\/wp\/v2\/types\/page"}],"author":[{"embeddable":true,"href":"https:\/\/nuestraldea.com\/nueva\/wp-json\/wp\/v2\/users\/2"}],"replies":[{"embeddable":true,"href":"https:\/\/nuestraldea.com\/nueva\/wp-json\/wp\/v2\/comments?post=1025"}],"version-history":[{"count":22,"href":"https:\/\/nuestraldea.com\/nueva\/wp-json\/wp\/v2\/pages\/1025\/revisions"}],"predecessor-version":[{"id":1327,"href":"https:\/\/nuestraldea.com\/nueva\/wp-json\/wp\/v2\/pages\/1025\/revisions\/1327"}],"wp:attachment":[{"href":"https:\/\/nuestraldea.com\/nueva\/wp-json\/wp\/v2\/media?parent=1025"}],"curies":[{"name":"wp","href":"https:\/\/api.w.org\/{rel}","templated":true}]}}